ided by g?
32
Let v = -17872 - -17946. Calculate the remainder when 214 is divided by v.
66
Let y = -41 - -56. Suppose -16*h + y*h + 4*c + 59 = 0, 3*c = 3*h - 213. What is the remainder when h is divided by 16?
11
Let g(q) = -q**2 + 103*q - 2466. Let w(m) = -m**3 - 4*m**2 + 3*m - 3. What is the remainder when g(39) is divided by w(-5)?
2
Suppose 4*q = r - 144, 4*r + q + 100 = 642. Calculate the remainder when 1220 is divided by r.
132
Suppose 0 = -3*y + 4*t + 37, -4*t - 17 = 2*y - 55. Calculate the remainder when (-125 - -111)*386/(-28) is divided by y.
13
Let b(c) = c + 9. Let k be b(8). Suppose q = 3*p + k, -3*q - 34 = -5*q - p. Suppose -2*w = q - 43. Calculate the remainder when w is divided by 5.
3
Let x = -3958 - -3969. Let m = 212 - 75. Suppose 4*y - h = 2*h + m, -5*y - 4*h = -179. What is the remainder when y is divided by x?
2
Let m = -98 + 100. Suppose -2*g = -m*h + 7*h - 124, 5*g = -5*h + 115. Suppose -2 = -s + 7. What is the remainder when h is divided by s?
8
Suppose -53*i - i + 29754 = 0. Let n = i - 354. What is the remainder when n is divided by 33?
32
Let k(n) = n**2 - n - 4. Let o be k(3). Suppose 2*v - 2*c - 104 = 0, c = o*c. Suppose 2*l - 16*l + 11 + 241 = 0. What is the remainder when v is divided by l?
16
Calculate the remainder when (0 - (-32674)/4) + 15 + (-290)/20 is divided by 215.
214
Let c(t) = t**3 - 21*t**2 - 36*t + 336. Calculate the remainder when 324 is divided by c(22).
16
Let a(i) = i**3 + 5*i**2 + 2*i + 16. Let d be a(-8). Let c = 260 + d. Let f = -9 - -34. What is the remainder when c is divided by f?
18
Let k = 2472 + -2566. Let w be 1/4 + (-766)/(-8). Let s = k + w. What is the remainder when 5 is divided by s?
1
Let z = -11 - -22. Suppose -2*p - 2*s = -3*p + 139, -p + 4*s = -147. What is the remainder when p is divided by z?
10
Suppose -5*p + 3 = -2*p. Calculate the remainder when (26 - 3 - -4)*(2 - p) is divided by 14.
13
Let s = 5642 - 5333. Calculate the remainder when 933 is divided by s.
6
Suppose x - 24762 = -4*k - 3132, 5*x - 108225 = 5*k. Calculate the remainder when x/27 + (-1)/(9/(-4)) is divided by 12.
10
Suppose 3*a + 4*i - 54 = 0, -a + 8 = -14*i + 12*i. What is the remainder when 155 is divided by a?
1
Let i = -125 + 133. Let o(s) = 4*s**2 + 3. Calculate the remainder when o(i) is divided by 26.
25
Suppose -2*t + 3*t + 195 = 4*f, 0 = -2*f + 2*t + 96. What is the remainder when f is divided by 2/(-39) + (-19 - 18785/(-507))?
13
Suppose -4*g = -0*g - 20. Suppose 0 = 9*o - g*o. Suppose o = 4*x - 45 - 35. What is the remainder when 38 is divided by x?
18
Let d(w) = -w**3 - 4*w**2 + 3*w - 1. Let c(p) = -p**2 + 3. Let s be c(-3). Let v = 3791 - 3776. What is the remainder when d(s) is divided by v?
8
Let r = -183 + 182. Let z(x) = -15*x**3 - x**2 - x + 2. Calculate the remainder when 116 is divided by z(r).
14
Suppose 48 + 150 = 2*r. Suppose -10*j + 641 = -r. Calculate the remainder when j is divided by 26.
22
Suppose 2*s + 31 = 3*s. Let i(f) = -13*f**2 - 65*f + 434. What is the remainder when i(-8) is divided by s?
29
Suppose 4*f + 145 = 11*f - 618. Calculate the remainder when 247 is divided by f.
29
Let w(x) = 32*x + 1435. Let h = 323 - 30. What is the remainder when h is divided by w(-43)?
57
Let k be 246*((-12)/(-3) + (-15)/3). Let l = 326 + k. Calculate the remainder when l is divided by 37.
6
Let q = -8905 - -11079. What is the remainder when q is divided by 83?
16
Let f = -438 - -467. Let w = 499 + -456. Calculate the remainder when w is divided by f.
14
Let j = 164 - 166. What is the remainder when 19 is divided by 0 + (1 - j) - (17 - 22)?
3
Suppose -292 = -4*n - 4*m + 72, 4*m = 0. What is the remainder when 284 is divided by (n/(-14) - 1)*(-1 - 1)?
14
Let q(g) = -g**3 - 3*g**2 - 3*g - 1. Suppose 56*w = 4*d + 58*w - 24, 2*d = -5*w + 20. What is the remainder when q(-3) is divided by d?
3
Let h = 268 + -230. Let p = 30 - 9. What is the remainder when h is divided by p?
17
Let q = 2 + 2. Suppose 0 = 55*t - 70494 + 67579. What is the remainder when t is divided by q?
1
Let i(q) = -2*q**3 - 5*q**2 + 7*q + 112. What is the remainder when i(-5) is divided by 68?
66
Let b = 508 - 140. Calculate the remainder when b is divided by 31.
27
Suppose -7*k + 16 = -3*k. Let y(a) = 3*a**2 - 10*a - 24. Let u be y(-12). Calculate the remainder when ((-1)/(-2))/(22/u) is divided by k.
0
Let f be (5 - 2)/(8/16). What is the remainder when (33 - 8/(-2 + f)) + -3 is divided by 21?
7
Let n = -57 - -57. Suppose 0 = 2*d + 5*a + 6, -2 = -n*a + a. Suppose -8 = -d*m, -4*m = -3*v + 7 + 52. What is the remainder when v is divided by 7?
4
Let f = 7329 - 7283. What is the remainder when 53 is divided by f?
7
Suppose 5*m + 175 = -15. Let l = m - -83. Suppose 3*h - 4*p - 25 = -6*p, 5*h + 5*p - l = 0. Calculate the remainder when 10 is divided by h.
3
Let f = -186 - -314. Let z = f - 98. What is the remainder when 101 is divided by z?
11
Let s be (-2)/((-13)/78 + (-283)/(-1626)). Let x = s - -316. Calculate the remainder when x is divided by 14.
3
Let x be ((-340)/102)/((-1)/627). Suppose -x = -p - 18*p. What is the remainder when p is divided by 29?
23
Calculate the remainder when 1915 is divided by 2*7 + -21 + 23.
11
Let q(c) = -7*c + 33. Let b be q(5). Let d be (b/2)/((-2)/110). Let v = d - 52. Calculate the remainder when 12 is divided by v.
0
Let a be (0 - -5)*(-4)/10. Calculate the remainder when 937/10 + (-12)/(-40) is divided by 19/(-2)*a*1.
18
Let t be 28/(-6)*((-54)/4 - -12). Let p(x) = -x**3 + 7*x**2 - 2*x + 52. Calculate the remainder when 61 is divided by p(t).
23
Let s(z) = 19*z + 119. Let b be s(7). Suppose -54*w = -b - 234. Calculate the remainder when -1*(0 - -1)*-17 is divided by w.
8
Let d(c) be the second derivative of -4*c**3/3 - 14*c**2 - 26*c. Let z be d(-7). Suppose -z = -2*u + 30. Calculate the remainder when u is divided by 8.
5
Suppose -5*a + 48*r - 46*r = -52, -5*a = -r - 61. Calculate the remainder when 1637 is divided by a.
13
Calculate the remainder when 709 is divided by 168 - (33 - 25 - 30).
139
Let g(k) = 186*k + 1. Let v be g(1). Let b = -76 + v. Calculate the remainder when b is divided by (3 - (-7)/(-2))*-38.
16
Let s be (-444)/16 + 6/8. Let z = 13 - s. Suppose -n = -2*y - z, n - 2*n + 5*y = -49. Calculate the remainder when 63 is divided by n.
29
Let o(n) = -3*n - 2*n - 23 - 4*n + 5*n. Let j be o(-8). Let i = j + 19. What is the remainder when 111 is divided by i?
27
Suppose 3 = -v, 116*j - 118*j - 2*v + 190 = 0. Calculate the remainder when 504 is divided by j.
14
Suppose -21*h - 12*h - 1212 = -45*h. What is the remainder when 398 is divided by h?
95
Let r(g) = -g**2 - 15*g + 12. Let q be r(-15). Let l = q + 21. Let x = -323 - -453. Calculate the remainder when x is divided by l.
31
Suppose -2*b - o + 3187 = 0, -3*o - 6380 = -4*b - 7*o. What is the remainder when b is divided by 133?
129
Let z = -8436 - -8480. Calculate the remainder when 2197 is divided by z.
41
Let w(v) = 2*v**2 + 25*v - 11. Let a be w(-13). Let j be (-12370)/(-30) - a*(-1)/3. Suppose -13*t = -j - 68. What is the remainder when t is divided by 13?
11
Let t be (2/3)/(50/75). What is the remainder when 128 is divided by (((-130)/(-20))/13)/(t/26)?
11
Suppose -880 = -13*z + 602. What is the remainder when 249 is divided by z?
21
Let b be 2*(-4)/48 + (-305643)/(-18). Calculate the remainder when 93/33 + -3 - b/(-220) is divided by 13.
12
Let p be (130/39)/(2/18). Let o = p + -14. What is the remainder when 24 is divided by o?
8
Let h = -534 - -575. Calculate the remainder when 4/(-3)*(-237)/2 is divided by h.
35
Let s be 2 + 382 - (-3 - (-28)/4). Suppose 0 = -5*o + 210 + s. Suppose 0 = 5*y - 11 - 44. What is the remainder when o is divided by y?
8
Let a(j) = -519*j + 1785. Calculate the remainder when 503 is divided by a(3).
47
Suppose 35*h - 77*h - 5133 = -101*h. What is the remainder when 194 is divided by h?
20
Let o be (0 - 1)*(-61 + -6). Let d = -13 + o. Calculate the remainder when d is divided by 35/(-4)*(-600)/375.
12
Let v = -222 - -226. Suppose 46 = 2*k - 0*k + v*n, -3*k + 73 = 2*n. Calculate the remainder when 48 is divided by k.
23
Suppose 0*f - 5 = f, -c - 3*f - 8 = 0. Let g(d) = -d + 10. Let t be g(9). Let j(i) = 39*i**3 + i**2. Calculate the remainder when j(t) is divided by c.
5
Suppose -3*a + 1681 = 